he prime factors of 7734.
2, 3, 1289
What are the prime factors of 32490?
2, 3, 5, 19
What are the prime factors of 10804?
2, 37, 73
What are the prime factors of 167502?
2, 3, 27917
List the prime factors of 1276.
2, 11, 29
List the prime factors of 8009.
8009
What are the prime factors of 1625?
5, 13
List the prime factors of 1302.
2, 3, 7, 31
List the prime factors of 131123.
23, 5701
What are the prime factors of 14591?
14591
What are the prime factors of 20348?
2, 5087
What are the prime factors of 1015?
5, 7, 29
What are the prime factors of 19002?
2, 3, 3167
What are the prime factors of 2015?
5, 13, 31
List the prime factors of 32826.
2, 3, 5471
List the prime factors of 40165.
5, 29, 277
What are the prime factors of 1300?
2, 5, 13
List the prime factors of 13198.
2, 6599
What are the prime factors of 851?
23, 37
List the prime factors of 132.
2, 3, 11
What are the prime factors of 9207?
3, 11, 31
List the prime factors of 94759.
7, 13537
What are the prime factors of 15612?
2, 3, 1301
List the prime factors of 8338.
2, 11, 379
List the prime factors of 2419.
41, 59
List the prime factors of 42362.
2, 59, 359
What are the prime factors of 15507?
3, 1723
List the prime factors of 74158.
2, 7, 5297
List the prime factors of 4044.
2, 3, 337
List the prime factors of 13731.
3, 23, 199
What are the prime factors of 30072?
2, 3, 7, 179
What are the prime factors of 20287?
20287
What are the prime factors of 649?
11, 59
What are the prime factors of 1699?
1699
What are the prime factors of 67688?
2, 8461
List the prime factors of 712.
2, 89
What are the prime factors of 47813?
137, 349
List the prime factors of 326.
2, 163
What are the prime factors of 1491?
3, 7, 71
What are the prime factors of 12623?
13, 971
What are the prime factors of 12761?
7, 1823
List the prime factors of 38263.
83, 461
What are the prime factors of 136932?
2, 3, 11411
List the prime factors of 2898.
2, 3, 7, 23
List the prime factors of 7564.
2, 31, 61
List the prime factors of 26489.
26489
What are the prime factors of 169?
13
List the prime factors of 1580.
2, 5, 79
What are the prime factors of 167947?
13, 12919
What are the prime factors of 418?
2, 11, 19
What are the prime factors of 1721?
1721
What are the prime factors of 11454?
2, 3, 23, 83
List the prime factors of 39434.
2, 19717
List the prime factors of 4338.
2, 3, 241
List the prime factors of 27075.
3, 5, 19
What are the prime factors of 40239?
3, 17, 263
List the prime factors of 7424.
2, 29
What are the prime factors of 693?
3, 7, 11
What are the prime factors of 11925?
3, 5, 53
What are the prime factors of 1748?
2, 19, 23
List the prime factors of 6157.
47, 131
List the prime factors of 84901.
59, 1439
What are the prime factors of 40008?
2, 3, 1667
What are the prime factors of 2215?
5, 443
List the prime factors of 31156.
2, 7789
List the prime factors of 2231.
23, 97
List the prime factors of 3349.
17, 197
What are the prime factors of 423?
3, 47
What are the prime factors of 80716?
2, 17, 1187
What are the prime factors of 10844?
2, 2711
List the prime factors of 19443.
3, 6481
What are the prime factors of 27198?
2, 3, 1511
List the prime factors of 29366.
2, 14683
List the prime factors of 3810.
2, 3, 5, 127
List the prime factors of 93467.
11, 29, 293
What are the prime factors of 1762?
2, 881
List the prime factors of 44741.
44741
List the prime factors of 451.
11, 41
List the prime factors of 53299.
53299
What are the prime factors of 8836?
2, 47
What are the prime factors of 11297?
11, 13, 79
What are the prime factors of 55430?
2, 5, 23, 241
List the prime factors of 160790.
2, 5, 7, 2297
List the prime factors of 5144.
2, 643
What are the prime factors of 665?
5, 7, 19
List the prime factors of 4332.
2, 3, 19
What are the prime factors of 2320?
2, 5, 29
What are the prime factors of 127966?
2, 109, 587
List the prime factors of 382.
2, 191
What are the prime factors of 11768?
2, 1471
What are the prime factors of 33787?
13, 23, 113
List the prime factors of 12462.
2, 3, 31, 67
List the prime factors of 2135.
5, 7, 61
What are the prime factors of 33452?
2, 8363
What are the prime factors of 39317?
39317
What are the prime factors of 65387?
7, 9341
What are the prime factors of 15527?
15527
List the prime factors of 2626.
2, 13, 101
List the prime factors of 2362.
2, 1181
List the prime factors of 6391.
7, 11, 83
List the prime factors of 34076.
2, 7, 1217
What are the prime factors of 401?
401
What are the prime factors of 15257?
11, 19, 73
What are the prime factors of 5064?
2, 3, 211
List the prime factors of 58194.
2, 3, 53, 61
What are the prime factors of 11197?
11197
What are the prime factors of 2283?
3, 761
List the prime factors of 132219.
3, 59, 83
List the prime factors of 26995.
5, 5399
What are the prime factors of 133913?
13, 10301
What are the prime factors of 15839?
47, 337
What are the prime factors of 10570?
2, 5, 7, 151
What are the prime factors of 387?
3, 43
What are the prime factors of 8858?
2, 43, 103
List the prime factors of 20975.
5, 839
What are the prime factors of 509?
509
What are the prime factors of 7010?
2, 5, 701
List the prime factors of 53.
53
List the prime factors of 449.
449
List the prime factors of 1736.
2, 7, 31
List the prime factors of 4559.
47, 97
What are the prime factors of 31046?
2, 19, 43
What are the prime factors of 1443?
3, 13, 37
List the prime factors of 26176.
2, 409
List the prime factors of 9940.
2, 5, 7, 71
List the prime factors of 3399.
3, 11, 103
What are the prime factors of 599?
599
List the prime factors of 9750.
2, 3, 5, 13
List the prime factors of 9956.
2, 19, 131
What are the prime factors of 67104?
2, 3, 233
List the prime factors of 15364.
2, 23, 167
What are the prime factors of 55927?
55927
What are the prime factors of 75?
3, 5
What are the prime factors of 6885?
3, 5, 17
What are the prime factors of 41266?
2, 47, 439
What are the prime factors of 3700?
2, 5, 37
What are the prime factors of 1939?
7, 277
What are the prime factors of 60714?
2, 3, 3373
What are the prime factors of 1414?
2, 7, 101
List the prime factors of 975.
3, 5, 13
List the prime factors of 34315.
5, 6863
What are the prime factors of 13377?
3, 7, 13
List the prime factors of 12015.
3, 5, 89
What are the prime factors of 1916?
2, 479
What are the prime factors of 180?
2, 3, 5
What are the prime factors of 32105?
5, 6421
What are the prime factors of 648?
2, 3
List the prime factors of 1225.
5, 7
What are the prime factors of 1927?
41, 47
List the prime factors of 49755.
3, 5, 31, 107
List the prime factors of 2050.
2, 5, 41
What are the prime factors of 723?
3, 241
What are the prime factors of 460?
2, 5, 23
What are the prime factors of 80561?
13, 6197
List the prime factors of 1900.
2, 5, 19
What are the prime factors of 2396?
2, 599
List the prime factors of 3405.
3, 5, 227
List the prime factors of 95.
5, 19
List the prime factors of 1831.
1831
What are the prime factors of 2173?
41, 53
What are the prime factors of 6269?
6269
List the prime factors of 552.
2, 3, 23
List the prime factors of 1628.
2, 11, 37
List the prime factors of 1696.
2, 53
What are the prime factors of 1652?
2, 7, 59
List the prime factors of 8860.
2, 5, 443
List the prime factors of 2561.
13, 197
List the prime factors of 13007.
13007
What are the prime factors of 30522?
2, 3, 5087
What are the prime factors of 8230?
2, 5, 823
List the prime factors of 1016.
2, 127
What are the prime factors of 1070?
2, 5, 107
List the prime factors of 6909.
3, 7, 47
List the prime factors of 35068.
2, 11, 797
What are the prime factors of 2055?
3, 5, 137
List the prime factors of 10801.
7, 1543
List the prime factors of 45680.
2, 5, 571
What are the prime factors of 715?
5, 11, 13
What are the prime factors of 26327?
7, 3761
List the prime factors of 28537.
28537
What are the prime factors of 17302?
2, 41, 211
What are the prime factors of 20124?
2, 3, 13, 43
List the prime factors of 7541.
7541
What are the prime factors of 265?
5, 53
List the prime factors of 8948.
2, 2237
List the prime factors of 10966.
2, 5483
What are the prime factors of 10014?
2, 3, 1669
List the prime factors of 2768.
2, 173
List the prime factors of 24291.
3, 2699
What are the prime factors of 1778